{"id":101,"date":"2019-12-09T22:22:51","date_gmt":"2019-12-09T22:22:51","guid":{"rendered":"http:\/\/szepmagyarbeszed.hu\/?page_id=101"},"modified":"2019-12-13T22:10:05","modified_gmt":"2019-12-13T22:10:05","slug":"anyanyelvi-tabor","status":"publish","type":"page","link":"https:\/\/szepmagyarbeszed.hu\/?page_id=101","title":{"rendered":"ANYANYELVI T\u00c1BOR"},"content":{"rendered":"\n<h1>Kazinczy Anyanyelvi T\u00e1bor<\/h1>\n\n\n\n<p><em>Hamarosan ismert lesz minden inform\u00e1ci\u00f3 a 2020-as t\u00e1borral kapcsolatban, addig \u00edme egy \u00f6sszefoglal\u00f3 a 2019-es esztend\u0151r\u0151l:<\/em><\/p>\n\n\n\n<p>A gy\u0151ri Kazinczy Ferenc Gimn\u00e1zium az id\u00e9n 38. alkalommal rendezte meg ny\u00e1ri anyanyelvi t\u00e1bor\u00e1t.\u00a0<\/p>\n\n\n\n<p>A t\u00e1bor c\u00e9lja \u2013 hagyom\u00e1nyosan \u2013 a besz\u00e9d- \u00e9s magatart\u00e1skult\u00fara \u00f6sszef\u00fcgg\u00e9seinek tudatos\u00edt\u00e1sa, a helyes kiejt\u00e9s \u00e9s nyelvhaszn\u00e1lat k\u00e9rd\u00e9sk\u00f6reinek, a k\u00f6z\u00e9piskol\u00e1s nyelvtanoktat\u00e1sb\u00f3l hi\u00e1nyz\u00f3 nyelv\u00e9szeti szakter\u00fcleteknek, a hangz\u00f3 \u00e9s \u00edrott sz\u00f6veg term\u00e9szet\u00e9nek vizsg\u00e1lata. Ezenk\u00edv\u00fcl seg\u00edts\u00e9get ad orsz\u00e1gos szint\u0171, f\u0151k\u00e9nt a Sz\u00e9p Magyar Besz\u00e9d \u00e9s az \u00c9des anyanyelv\u00fcnk nyelvhaszn\u00e1lati versenyekre val\u00f3 felk\u00e9sz\u00fcl\u00e9shez is.&nbsp;<\/p>\n\n\n\n<p>\tAz anyanyelvi t\u00e1bor r\u00e9sztvev\u0151i magyarorsz\u00e1gi \u00e9s hat\u00e1ron t\u00fali k\u00f6z\u00e9piskol\u00e1sok, \u00edgy a szakmai programokon t\u00fal legfontosabb c\u00e9lja a nemzeti \u00e9rz\u00e9s elm\u00e9ly\u00edt\u00e9se, az egy nemzethez tartoz\u00e1s \u00e9lm\u00e9ny\u00e9nek meg\u00e9l\u00e9se. A t\u00e1bor a kultur\u00e1lis \u00e9s szabadid\u0151s programjaival (gy\u0151ri v\u00e1rosn\u00e9z\u0151 s\u00e9ta, m\u00fazeuml\u00e1togat\u00e1sok, kir\u00e1ndul\u00e1sok, vet\u00e9lked\u0151k, n\u00e9prajzi el\u0151ad\u00e1s, stb.) a hasznos \u00e9s kellemes egy\u00fcttl\u00e9tet szolg\u00e1lta. A hat\u00e1ron t\u00fali tanul\u00f3k k\u00eds\u00e9r\u0151tan\u00e1rai sz\u00e1m\u00e1ra a t\u00e1bor egyben szakmai tov\u00e1bbk\u00e9pz\u00e9st is jelent.<\/p>\n\n\n\n<p>Az anyanyelvi t\u00e1bort 1982-ben Z. Szab\u00f3 L\u00e1szl\u00f3 tan\u00e1r \u00far h\u00edvta \u00e9letre, aki eredetileg a Besz\u00e9lni neh\u00e9z! mozgalomban r\u00e9szt vev\u0151 tan\u00e1rok \u00e9s di\u00e1kok sz\u00e1m\u00e1ra szervezett szakmai tov\u00e1bbk\u00e9pz\u00e9seket, majd ebb\u0151l a t\u00e1borb\u00f3l kiv\u00e1ltak a szaktan\u00e1rok, \u00f6n\u00e1ll\u00f3 t\u00e1borban folytatj\u00e1k munk\u00e1jukat, a gy\u0151ri pedig di\u00e1kt\u00e1bor lett. A t\u00e1bort Z. Szab\u00f3 tan\u00e1r \u00far \u00e9s szakmai vezet\u0151k\u00e9nt Wacha Imre tan\u00e1r \u00far vezette. Z. Szab\u00f3 tan\u00e1r \u00far hal\u00e1la ut\u00e1n Wacha Imre Miskolczi Margittal egy\u00fctt, majd H\u00e9rics Lajosn\u00e9val, iskol\u00e1nk igazgat\u00f3j\u00e1val szervezte a t\u00e1bort. 2000-ben t\u00f6rt\u00e9nt egy \u00fajabb v\u00e1lt\u00e1s, a t\u00e1bor vezet\u0151je Sziv\u00f3sn\u00e9 V\u00e1s\u00e1rhelyi Zsuzsanna, a Kazinczy Ferenc Gimn\u00e1zium \u00e9s Bat\u00e1ri Antal, az egri Dob\u00f3 Istv\u00e1n Gimn\u00e1zium magyartan\u00e1rai lettek, akik az\u00f3ta is ell\u00e1tj\u00e1k ezt a feladatot.<\/p>\n\n\n\n<p>A t\u00e1bor \u00e1ltal\u00e1ban augusztus utols\u00f3 het\u00e9ben zajlik, most m\u00e1r \u00e9vek \u00f3ta mindig augusztus 21-\u00e9n indul. A t\u00e1bori program a t\u00e1bor \u00fcnnep\u00e9lyes megnyit\u00e1s\u00e1val kezd\u0151dik, ahol N\u00e9meth Tibor igazgat\u00f3 a rendez\u0151 iskola nev\u00e9ben \u00fcdv\u00f6z\u00f6li a megjelent magyarorsz\u00e1gi \u00e9s hat\u00e1ron t\u00fali di\u00e1kokat, felk\u00e9sz\u00edt\u0151 tan\u00e1rokat, ismerteti az anyanyelvi t\u00e1bor c\u00e9lj\u00e1t, az anyanyelvi mozgalomban bet\u00f6lt\u00f6tt szerep\u00e9t, majd bemutatja a t\u00e1borvezet\u0151ket, illetve a t\u00e1bornyit\u00e1son megjelen\u0151 k\u00e9s\u0151bbi el\u0151ad\u00f3kat, foglalkoz\u00e1svezet\u0151ket is. Szinte minden t\u00e1borban r\u00e9szt vesz Kov\u00e1cs L\u00e1szl\u00f3, a somorjai Mad\u00e1ch Imre Magyar Tannyelv\u0171 Gimn\u00e1zium Kazinczy-d\u00edjas tan\u00e1ra, nyugalmazott igazgat\u00f3ja el\u0151ad\u00f3k\u00e9nt, valamint a hat\u00e1ron t\u00fali koll\u00e9g\u00e1k k\u00f6z\u00fcl Sz\u00e1nt\u00f3 Edit k\u00e1rp\u00e1taljai \u00e9s dr. Erd\u00e9ly Judit erd\u00e9lyi tan\u00e1rn\u0151, valamint Pint\u00e9r Moln\u00e1r Edit, vajdas\u00e1gi tan\u00e1rn\u0151 is.&nbsp; Az \u00fcnnep\u00e9lyes megnyit\u00f3 a di\u00e1kok bemutatkoz\u00e1s\u00e1val, illetve a t\u00e1bor programj\u00e1nak ismertet\u00e9s\u00e9vel z\u00e1rul.<\/p>\n\n\n\n<p>A megnyit\u00f3t k\u00f6vet\u0151en m\u00e1r aznap szakmai programra ker\u00fcl sor, este pedig egy j\u00e1t\u00e9kos ismerked\u00e9si estre, amelyet t\u00f6bb \u00e9vtizede Bordi Andr\u00e1s Kazinczy-d\u00edjas r\u00e1di\u00f3bemond\u00f3 tart.<\/p>\n\n\n\n<p>A t\u00e1bor el\u0151ad\u00f3i k\u00f6zt \u00fcdv\u00f6z\u00f6lhetj\u00fck Bal\u00e1zs G\u00e9za professzor urat, egyetemi tan\u00e1rt, Kerekes Barnab\u00e1s, az Anyanyelv\u00e1pol\u00f3k sz\u00f6vets\u00e9g\u00e9nek aleln\u00f6k\u00e9t, E\u0151ry Vilma nyelv\u00e9szt, \u00e9lete v\u00e9g\u00e9ig szinte minden t\u00e1bort el\u0151ad\u00e1saival tett eml\u00e9kezetess\u00e9 Wacha Imre, tan\u00e1r \u00far, tov\u00e1bb\u00e1 itt van Juh\u00e1sz Judit, az Anyanyelv\u00e1pol\u00f3k sz\u00f6vets\u00e9g\u00e9nek eln\u00f6ke, aki a sajt\u00f3, a m\u00e9dia vil\u00e1g\u00e1r\u00f3l szokott besz\u00e9lni a di\u00e1koknak. Foglalkoz\u00e1sokat vezetnek Gr\u00e1bics J\u00falia, a Kazinczy-gimn\u00e1zium Kazinczy-d\u00edjas tan\u00e1ra, a t\u00e1borvezet\u0151k, akik els\u0151sorban az orsz\u00e1gos versenyekre val\u00f3 felk\u00e9sz\u00edt\u00e9sben vesznek r\u00e9szt. Az esti programokon k\u00f6sz\u00f6nthetj\u00fck Lanczendorfer Zsuzsanna n\u00e9prajzkutat\u00f3t, illetve retorikai, dr\u00e1mapedag\u00f3giai foglalkoz\u00e1sok, v\u00e1rosn\u00e9z\u0151 s\u00e9t\u00e1k, m\u00fazeuml\u00e1togat\u00e1sok, vet\u00e9lked\u0151k sz\u00ednes\u00edtik a t\u00e1borlak\u00f3k \u00e9let\u00e9t.<\/p>\n\n\n\n<p>A t\u00e1bor a k\u00e9t \u201ekis\u201d anyanyelvi verseny megrendez\u00e9s\u00e9vel, illetve a t\u00e1borlak\u00f3k \u2013 gyakran fergetegesre siker\u00fclt \u2013 z\u00e1r\u00f3 estj\u00e9vel \u00e9r v\u00e9get.<br><\/p>\n","protected":false},"excerpt":{"rendered":"<p>Kazinczy Anyanyelvi T\u00e1bor Hamarosan ismert lesz minden inform\u00e1ci\u00f3 a 2020-as t\u00e1borral kapcsolatban, addig \u00edme egy \u00f6sszefoglal\u00f3 a 2019-es esztend\u0151r\u0151l: A gy\u0151ri Kazinczy Ferenc Gimn\u00e1zium az id\u00e9n 38. alkalommal rendezte meg&hellip; <\/p>\n","protected":false},"author":2,"featured_media":0,"parent":0,"menu_order":0,"comment_status":"closed","ping_status":"closed","template":"","meta":[],"_links":{"self":[{"href":"https:\/\/szepmagyarbeszed.hu\/index.php?rest_route=\/wp\/v2\/pages\/101"}],"collection":[{"href":"https:\/\/szepmagyarbeszed.hu\/index.php?rest_route=\/wp\/v2\/pages"}],"about":[{"href":"https:\/\/szepmagyarbeszed.hu\/index.php?rest_route=\/wp\/v2\/types\/page"}],"author":[{"embeddable":true,"href":"https:\/\/szepmagyarbeszed.hu\/index.php?rest_route=\/wp\/v2\/users\/2"}],"replies":[{"embeddable":true,"href":"https:\/\/szepmagyarbeszed.hu\/index.php?rest_route=%2Fwp%2Fv2%2Fcomments&post=101"}],"version-history":[{"count":5,"href":"https:\/\/szepmagyarbeszed.hu\/index.php?rest_route=\/wp\/v2\/pages\/101\/revisions"}],"predecessor-version":[{"id":134,"href":"https:\/\/szepmagyarbeszed.hu\/index.php?rest_route=\/wp\/v2\/pages\/101\/revisions\/134"}],"wp:attachment":[{"href":"https:\/\/szepmagyarbeszed.hu\/index.php?rest_route=%2Fwp%2Fv2%2Fmedia&parent=101"}],"curies":[{"name":"wp","href":"https:\/\/api.w.org\/{rel}","templated":true}]}}