{"id":123,"date":"2019-12-09T22:47:36","date_gmt":"2019-12-09T22:47:36","guid":{"rendered":"http:\/\/szepmagyarbeszed.hu\/?page_id=123"},"modified":"2019-12-09T22:49:21","modified_gmt":"2019-12-09T22:49:21","slug":"galeria","status":"publish","type":"page","link":"https:\/\/szepmagyarbeszed.hu\/?page_id=123","title":{"rendered":"GAL\u00c9RIA"},"content":{"rendered":"\n<p>V\u00e1logat\u00e1s a 2019-ben megrendezett gy\u0151ri 54. Sz\u00e9p magyar besz\u00e9d verseny orsz\u00e1gos d\u00f6nt\u0151j\u00e9n k\u00e9sz\u00fclt fot\u00f3kb\u00f3l. Forr\u00e1s: anyanyelvapolo.hu<\/p>\n\n\n\n<figure class=\"wp-block-gallery columns-2 is-cropped\"><ul class=\"blocks-gallery-grid\"><li class=\"blocks-gallery-item\"><figure><img loading=\"lazy\" width=\"644\" height=\"431\" src=\"http:\/\/szepmagyarbeszed.hu\/wp-content\/uploads\/2019\/12\/Screen-Shot-2019-12-09-at-23.41.03.png\" alt=\"\" data-id=\"111\" data-full-url=\"http:\/\/szepmagyarbeszed.hu\/wp-content\/uploads\/2019\/12\/Screen-Shot-2019-12-09-at-23.41.03.png\" data-link=\"http:\/\/szepmagyarbeszed.hu\/?attachment_id=111\" class=\"wp-image-111\" srcset=\"https:\/\/szepmagyarbeszed.hu\/wp-content\/uploads\/2019\/12\/Screen-Shot-2019-12-09-at-23.41.03.png 644w, https:\/\/szepmagyarbeszed.hu\/wp-content\/uploads\/2019\/12\/Screen-Shot-2019-12-09-at-23.41.03-300x201.png 300w\" sizes=\"(max-width: 644px) 100vw, 644px\" \/><\/figure><\/li><li class=\"blocks-gallery-item\"><figure><img loading=\"lazy\" width=\"647\" height=\"423\" src=\"http:\/\/szepmagyarbeszed.hu\/wp-content\/uploads\/2019\/12\/Screen-Shot-2019-12-09-at-23.41.13.png\" alt=\"\" data-id=\"110\" data-full-url=\"http:\/\/szepmagyarbeszed.hu\/wp-content\/uploads\/2019\/12\/Screen-Shot-2019-12-09-at-23.41.13.png\" data-link=\"http:\/\/szepmagyarbeszed.hu\/?attachment_id=110\" class=\"wp-image-110\" srcset=\"https:\/\/szepmagyarbeszed.hu\/wp-content\/uploads\/2019\/12\/Screen-Shot-2019-12-09-at-23.41.13.png 647w, https:\/\/szepmagyarbeszed.hu\/wp-content\/uploads\/2019\/12\/Screen-Shot-2019-12-09-at-23.41.13-300x196.png 300w\" sizes=\"(max-width: 647px) 100vw, 647px\" \/><\/figure><\/li><li class=\"blocks-gallery-item\"><figure><img loading=\"lazy\" width=\"648\" height=\"420\" src=\"http:\/\/szepmagyarbeszed.hu\/wp-content\/uploads\/2019\/12\/Screen-Shot-2019-12-09-at-23.37.45.png\" alt=\"\" data-id=\"122\" data-full-url=\"http:\/\/szepmagyarbeszed.hu\/wp-content\/uploads\/2019\/12\/Screen-Shot-2019-12-09-at-23.37.45.png\" data-link=\"http:\/\/szepmagyarbeszed.hu\/?attachment_id=122\" class=\"wp-image-122\" srcset=\"https:\/\/szepmagyarbeszed.hu\/wp-content\/uploads\/2019\/12\/Screen-Shot-2019-12-09-at-23.37.45.png 648w, https:\/\/szepmagyarbeszed.hu\/wp-content\/uploads\/2019\/12\/Screen-Shot-2019-12-09-at-23.37.45-300x194.png 300w\" sizes=\"(max-width: 648px) 100vw, 648px\" \/><\/figure><\/li><li class=\"blocks-gallery-item\"><figure><img loading=\"lazy\" width=\"638\" height=\"391\" src=\"http:\/\/szepmagyarbeszed.hu\/wp-content\/uploads\/2019\/12\/Screen-Shot-2019-12-09-at-23.38.23.png\" alt=\"\" data-id=\"120\" data-full-url=\"http:\/\/szepmagyarbeszed.hu\/wp-content\/uploads\/2019\/12\/Screen-Shot-2019-12-09-at-23.38.23.png\" data-link=\"http:\/\/szepmagyarbeszed.hu\/?attachment_id=120\" class=\"wp-image-120\" srcset=\"https:\/\/szepmagyarbeszed.hu\/wp-content\/uploads\/2019\/12\/Screen-Shot-2019-12-09-at-23.38.23.png 638w, https:\/\/szepmagyarbeszed.hu\/wp-content\/uploads\/2019\/12\/Screen-Shot-2019-12-09-at-23.38.23-300x184.png 300w\" sizes=\"(max-width: 638px) 100vw, 638px\" \/><\/figure><\/li><li class=\"blocks-gallery-item\"><figure><img loading=\"lazy\" width=\"644\" height=\"402\" src=\"http:\/\/szepmagyarbeszed.hu\/wp-content\/uploads\/2019\/12\/Screen-Shot-2019-12-09-at-23.38.08.png\" alt=\"\" data-id=\"121\" data-full-url=\"http:\/\/szepmagyarbeszed.hu\/wp-content\/uploads\/2019\/12\/Screen-Shot-2019-12-09-at-23.38.08.png\" data-link=\"http:\/\/szepmagyarbeszed.hu\/?attachment_id=121\" class=\"wp-image-121\" srcset=\"https:\/\/szepmagyarbeszed.hu\/wp-content\/uploads\/2019\/12\/Screen-Shot-2019-12-09-at-23.38.08.png 644w, https:\/\/szepmagyarbeszed.hu\/wp-content\/uploads\/2019\/12\/Screen-Shot-2019-12-09-at-23.38.08-300x187.png 300w\" sizes=\"(max-width: 644px) 100vw, 644px\" \/><\/figure><\/li><li class=\"blocks-gallery-item\"><figure><img loading=\"lazy\" width=\"647\" height=\"372\" src=\"http:\/\/szepmagyarbeszed.hu\/wp-content\/uploads\/2019\/12\/Screen-Shot-2019-12-09-at-23.38.36.png\" alt=\"\" data-id=\"119\" data-full-url=\"http:\/\/szepmagyarbeszed.hu\/wp-content\/uploads\/2019\/12\/Screen-Shot-2019-12-09-at-23.38.36.png\" data-link=\"http:\/\/szepmagyarbeszed.hu\/?attachment_id=119\" class=\"wp-image-119\" srcset=\"https:\/\/szepmagyarbeszed.hu\/wp-content\/uploads\/2019\/12\/Screen-Shot-2019-12-09-at-23.38.36.png 647w, https:\/\/szepmagyarbeszed.hu\/wp-content\/uploads\/2019\/12\/Screen-Shot-2019-12-09-at-23.38.36-300x172.png 300w\" sizes=\"(max-width: 647px) 100vw, 647px\" \/><\/figure><\/li><li class=\"blocks-gallery-item\"><figure><img loading=\"lazy\" width=\"585\" height=\"362\" src=\"http:\/\/szepmagyarbeszed.hu\/wp-content\/uploads\/2019\/12\/Screen-Shot-2019-12-09-at-23.39.14.png\" alt=\"\" data-id=\"117\" data-full-url=\"http:\/\/szepmagyarbeszed.hu\/wp-content\/uploads\/2019\/12\/Screen-Shot-2019-12-09-at-23.39.14.png\" data-link=\"http:\/\/szepmagyarbeszed.hu\/?attachment_id=117\" class=\"wp-image-117\" srcset=\"https:\/\/szepmagyarbeszed.hu\/wp-content\/uploads\/2019\/12\/Screen-Shot-2019-12-09-at-23.39.14.png 585w, https:\/\/szepmagyarbeszed.hu\/wp-content\/uploads\/2019\/12\/Screen-Shot-2019-12-09-at-23.39.14-300x186.png 300w\" sizes=\"(max-width: 585px) 100vw, 585px\" \/><\/figure><\/li><li class=\"blocks-gallery-item\"><figure><img loading=\"lazy\" width=\"567\" height=\"378\" src=\"http:\/\/szepmagyarbeszed.hu\/wp-content\/uploads\/2019\/12\/Screen-Shot-2019-12-09-at-23.39.48.png\" alt=\"\" data-id=\"116\" data-full-url=\"http:\/\/szepmagyarbeszed.hu\/wp-content\/uploads\/2019\/12\/Screen-Shot-2019-12-09-at-23.39.48.png\" data-link=\"http:\/\/szepmagyarbeszed.hu\/?attachment_id=116\" class=\"wp-image-116\" srcset=\"https:\/\/szepmagyarbeszed.hu\/wp-content\/uploads\/2019\/12\/Screen-Shot-2019-12-09-at-23.39.48.png 567w, https:\/\/szepmagyarbeszed.hu\/wp-content\/uploads\/2019\/12\/Screen-Shot-2019-12-09-at-23.39.48-300x200.png 300w\" sizes=\"(max-width: 567px) 100vw, 567px\" \/><\/figure><\/li><li class=\"blocks-gallery-item\"><figure><img loading=\"lazy\" width=\"564\" height=\"385\" src=\"http:\/\/szepmagyarbeszed.hu\/wp-content\/uploads\/2019\/12\/Screen-Shot-2019-12-09-at-23.39.06.png\" alt=\"\" data-id=\"118\" data-full-url=\"http:\/\/szepmagyarbeszed.hu\/wp-content\/uploads\/2019\/12\/Screen-Shot-2019-12-09-at-23.39.06.png\" data-link=\"http:\/\/szepmagyarbeszed.hu\/?attachment_id=118\" class=\"wp-image-118\" srcset=\"https:\/\/szepmagyarbeszed.hu\/wp-content\/uploads\/2019\/12\/Screen-Shot-2019-12-09-at-23.39.06.png 564w, https:\/\/szepmagyarbeszed.hu\/wp-content\/uploads\/2019\/12\/Screen-Shot-2019-12-09-at-23.39.06-300x205.png 300w\" sizes=\"(max-width: 564px) 100vw, 564px\" \/><\/figure><\/li><li class=\"blocks-gallery-item\"><figure><img loading=\"lazy\" width=\"645\" height=\"399\" src=\"http:\/\/szepmagyarbeszed.hu\/wp-content\/uploads\/2019\/12\/Screen-Shot-2019-12-09-at-23.40.17.png\" alt=\"\" data-id=\"115\" data-full-url=\"http:\/\/szepmagyarbeszed.hu\/wp-content\/uploads\/2019\/12\/Screen-Shot-2019-12-09-at-23.40.17.png\" data-link=\"http:\/\/szepmagyarbeszed.hu\/?attachment_id=115\" class=\"wp-image-115\" srcset=\"https:\/\/szepmagyarbeszed.hu\/wp-content\/uploads\/2019\/12\/Screen-Shot-2019-12-09-at-23.40.17.png 645w, https:\/\/szepmagyarbeszed.hu\/wp-content\/uploads\/2019\/12\/Screen-Shot-2019-12-09-at-23.40.17-300x186.png 300w\" sizes=\"(max-width: 645px) 100vw, 645px\" \/><\/figure><\/li><li class=\"blocks-gallery-item\"><figure><img loading=\"lazy\" width=\"618\" height=\"388\" src=\"http:\/\/szepmagyarbeszed.hu\/wp-content\/uploads\/2019\/12\/Screen-Shot-2019-12-09-at-23.40.39.png\" alt=\"\" data-id=\"113\" data-full-url=\"http:\/\/szepmagyarbeszed.hu\/wp-content\/uploads\/2019\/12\/Screen-Shot-2019-12-09-at-23.40.39.png\" data-link=\"http:\/\/szepmagyarbeszed.hu\/?attachment_id=113\" class=\"wp-image-113\" srcset=\"https:\/\/szepmagyarbeszed.hu\/wp-content\/uploads\/2019\/12\/Screen-Shot-2019-12-09-at-23.40.39.png 618w, https:\/\/szepmagyarbeszed.hu\/wp-content\/uploads\/2019\/12\/Screen-Shot-2019-12-09-at-23.40.39-300x188.png 300w\" sizes=\"(max-width: 618px) 100vw, 618px\" \/><\/figure><\/li><li class=\"blocks-gallery-item\"><figure><img loading=\"lazy\" width=\"636\" height=\"418\" src=\"http:\/\/szepmagyarbeszed.hu\/wp-content\/uploads\/2019\/12\/Screen-Shot-2019-12-09-at-23.41.33.png\" alt=\"\" data-id=\"108\" data-full-url=\"http:\/\/szepmagyarbeszed.hu\/wp-content\/uploads\/2019\/12\/Screen-Shot-2019-12-09-at-23.41.33.png\" data-link=\"http:\/\/szepmagyarbeszed.hu\/?attachment_id=108\" class=\"wp-image-108\" srcset=\"https:\/\/szepmagyarbeszed.hu\/wp-content\/uploads\/2019\/12\/Screen-Shot-2019-12-09-at-23.41.33.png 636w, https:\/\/szepmagyarbeszed.hu\/wp-content\/uploads\/2019\/12\/Screen-Shot-2019-12-09-at-23.41.33-300x197.png 300w\" sizes=\"(max-width: 636px) 100vw, 636px\" \/><\/figure><\/li><li class=\"blocks-gallery-item\"><figure><img loading=\"lazy\" width=\"606\" height=\"410\" src=\"http:\/\/szepmagyarbeszed.hu\/wp-content\/uploads\/2019\/12\/Screen-Shot-2019-12-09-at-23.40.49.png\" alt=\"\" data-id=\"112\" data-full-url=\"http:\/\/szepmagyarbeszed.hu\/wp-content\/uploads\/2019\/12\/Screen-Shot-2019-12-09-at-23.40.49.png\" data-link=\"http:\/\/szepmagyarbeszed.hu\/?attachment_id=112\" class=\"wp-image-112\" srcset=\"https:\/\/szepmagyarbeszed.hu\/wp-content\/uploads\/2019\/12\/Screen-Shot-2019-12-09-at-23.40.49.png 606w, https:\/\/szepmagyarbeszed.hu\/wp-content\/uploads\/2019\/12\/Screen-Shot-2019-12-09-at-23.40.49-300x203.png 300w\" sizes=\"(max-width: 606px) 100vw, 606px\" \/><\/figure><\/li><li class=\"blocks-gallery-item\"><figure><img loading=\"lazy\" width=\"628\" height=\"401\" src=\"http:\/\/szepmagyarbeszed.hu\/wp-content\/uploads\/2019\/12\/Screen-Shot-2019-12-09-at-23.40.32.png\" alt=\"\" data-id=\"114\" data-full-url=\"http:\/\/szepmagyarbeszed.hu\/wp-content\/uploads\/2019\/12\/Screen-Shot-2019-12-09-at-23.40.32.png\" data-link=\"http:\/\/szepmagyarbeszed.hu\/?attachment_id=114\" class=\"wp-image-114\" srcset=\"https:\/\/szepmagyarbeszed.hu\/wp-content\/uploads\/2019\/12\/Screen-Shot-2019-12-09-at-23.40.32.png 628w, https:\/\/szepmagyarbeszed.hu\/wp-content\/uploads\/2019\/12\/Screen-Shot-2019-12-09-at-23.40.32-300x192.png 300w\" sizes=\"(max-width: 628px) 100vw, 628px\" \/><\/figure><\/li><\/ul><\/figure>\n","protected":false},"excerpt":{"rendered":"<p>V\u00e1logat\u00e1s a 2019-ben megrendezett gy\u0151ri 54. Sz\u00e9p magyar besz\u00e9d verseny orsz\u00e1gos d\u00f6nt\u0151j\u00e9n k\u00e9sz\u00fclt fot\u00f3kb\u00f3l. Forr\u00e1s: anyanyelvapolo.hu<\/p>\n","protected":false},"author":2,"featured_media":0,"parent":0,"menu_order":0,"comment_status":"closed","ping_status":"closed","template":"","meta":[],"_links":{"self":[{"href":"https:\/\/szepmagyarbeszed.hu\/index.php?rest_route=\/wp\/v2\/pages\/123"}],"collection":[{"href":"https:\/\/szepmagyarbeszed.hu\/index.php?rest_route=\/wp\/v2\/pages"}],"about":[{"href":"https:\/\/szepmagyarbeszed.hu\/index.php?rest_route=\/wp\/v2\/types\/page"}],"author":[{"embeddable":true,"href":"https:\/\/szepmagyarbeszed.hu\/index.php?rest_route=\/wp\/v2\/users\/2"}],"replies":[{"embeddable":true,"href":"https:\/\/szepmagyarbeszed.hu\/index.php?rest_route=%2Fwp%2Fv2%2Fcomments&post=123"}],"version-history":[{"count":2,"href":"https:\/\/szepmagyarbeszed.hu\/index.php?rest_route=\/wp\/v2\/pages\/123\/revisions"}],"predecessor-version":[{"id":126,"href":"https:\/\/szepmagyarbeszed.hu\/index.php?rest_route=\/wp\/v2\/pages\/123\/revisions\/126"}],"wp:attachment":[{"href":"https:\/\/szepmagyarbeszed.hu\/index.php?rest_route=%2Fwp%2Fv2%2Fmedia&parent=123"}],"curies":[{"name":"wp","href":"https:\/\/api.w.org\/{rel}","templated":true}]}}